f x(-34).
3, 5
Suppose -99 - 36 = 3*a. Let c = 89 + -22. Let g = a + c. What are the prime factors of g?
2, 11
Suppose j = 5*j. Let x(q) = -2*q + j + 3*q + 3. List the prime factors of x(5).
2
Suppose 4*w + 2*o = -0*w + 1402, 3*w = -o + 1050. List the prime factors of w.
349
Let x be 5/(-2)*(66/30 - 3). Suppose -4*n = -d - 194, -x*n - 2*n - 2*d + 188 = 0. What are the prime factors of n?
2, 3
Let s(k) = -1 - 22*k + 6 + 4 + 3. What are the prime factors of s(-7)?
2, 83
Let l = 6 - -4. Suppose 0*o + 2*v = -5*o - 26, 0 = -2*o - v - l. What are the prime factors of (o/4)/((-30)/200)?
2, 5
Suppose 0 = -3*i + 2*j + 8, -3*i - 5*j + 5 = 2*i. Suppose g = -4*r - 2*g + 113, r - 5*g = 34. Let q = r - i. List the prime factors of q.
3
What are the prime factors of -1 - (-4 - 8/(-2)) - -396?
5, 79
Suppose -2*h + 1054 = 2*r - r, 2*r = -h + 527. List the prime factors of h.
17, 31
Suppose s - 473 = 251. What are the prime factors of s?
2, 181
Let l = -18 - -35. Suppose -13*r + 18*r - 20 = 0. Suppose -l - 15 = -r*a. List the prime factors of a.
2
Let f be 9/(-27)*(-1 + 7). What are the prime factors of 125*(f/(-5) + 0)?
2, 5
Let n(y) = -y + 17*y**2 + 0*y + 0*y + 0*y + 2. Let l be n(1). Let s = l + 4. What are the prime factors of s?
2, 11
Let d(w) = -w**3 - 2*w**2 + 4*w + 7. Let i be d(-5). Suppose h = 3*h - i. List the prime factors of h.
31
Suppose 15*k - 339 = 12*k. Let b = -40 + k. List the prime factors of b.
73
Let x(n) be the first derivative of -n**4/4 - 8*n**3/3 - 4*n**2 - n + 6. List the prime factors of x(-8).
3, 7
Suppose 4*o + 6*p = 2*p - 20, 2*p + 10 = -3*o. Suppose -j - 3 - 1 = o. What are the prime factors of (j/5)/(2/(-20))?
2
Let g(n) = -23*n + 14. Let x be g(-9). Let v = -122 + x. What are the prime factors of v?
3, 11
Let k = 1911 + -1012. What are the prime factors of k?
29, 31
Let h be (32/24)/(-1 + (-15)/(-9)). List the prime factors of (529/h - 2)*(-38)/(-57).
5, 7
Let b(i) = -i**2 - 38*i - 44. What are the prime factors of b(-22)?
2, 7, 11
Suppose 0*l - 3 = 3*l, -11854 = -5*a + 4*l. What are the prime factors of a?
2, 3, 5, 79
Let h(a) = a**3 + 7*a**2 - 9*a + 4. Let z(k) = k**3 - 7*k**2 - 9*k. Let v be z(8). Let j be h(v). Suppose 0 = -0*u + 4*u - j. What are the prime factors of u?
3
Suppose -3*j - 3*o = j + 46, 0 = -o - 2. Let y = 43 + j. List the prime factors of y.
3, 11
Let x(t) = 22*t**2 + 3*t + 66. List the prime factors of x(-9).
3, 607
Let c = 19 + 56. Suppose 72*k - c*k = -1083. What are the prime factors of k?
19
Suppose 0 = -2*j - 5*f + 102, 3*j - 3*f - 129 = 45. List the prime factors of j.
2, 7
Let g(i) = -i**2 + 102*i - 402. List the prime factors of g(53).
5, 439
Let f = 18 - 5. Suppose 0 = y - f + 1. What are the prime factors of y?
2, 3
Let g be -1 - 0 - (-56)/(-2). Suppose -4*b - 34 = -5*t + 3*t, -4*t + 20 = -2*b. List the prime factors of 4/b + g/(-2).
2, 7
Suppose 0*i - 4416 = -12*i. What are the prime factors of i?
2, 23
Suppose 0 = -z + 2*q + 1, -4*q = -4*z + q + 4. List the prime factors of (-29 + z)*-3*4/24.
2, 7
Let w = 5425 - 3398. List the prime factors of w.
2027
Suppose -27*m = -34*m + 791. Suppose -m - 7 = -3*t. What are the prime factors of t?
2, 5
Suppose -2*z + 32 = -2*l, 3*z + l - 28 = -0*l. Suppose 5*s = z*s - 84. What are the prime factors of s?
2, 7
Let p(m) = -9*m**3 + 7*m**2 - 8*m + 9. What are the prime factors of p(-5)?
19, 71
Suppose 0 = -4*d + y + 106, 2*d - 3*y - 53 + 5 = 0. What are the prime factors of d?
3
Let m = 8 + 1. Suppose -m = 2*f + 5. Let i = 28 + f. List the prime factors of i.
3, 7
Let l(d) = d**3 - 5*d**2 - 9*d + 2. Suppose 4*x - 184 = 2*x + 5*f, -2*x - f + 184 = 0. Let n be x/14 - 39/(-91). What are the prime factors of l(n)?
37
Suppose 71*b = 73*b + 4. List the prime factors of b - (1 - (-4 + -3 + 197)).
11, 17
Let p(v) = -4*v**2 - 8*v + 2. Let s(n) = 16*n**2 + 33*n - 7. Let q(k) = -9*p(k) - 2*s(k). List the prime factors of q(-5).
2, 3, 11
Let l(n) = -n**3 - n**2 + n - 30. Let w be l(0). Let q = 98 + w. What are the prime factors of q?
2, 17
Suppose 8*k - 710 = 1258. List the prime factors of k.
2, 3, 41
Let n(u) be the first derivative of -3*u**2/2 + 31*u + 21. What are the prime factors of n(-16)?
79
What are the prime factors of (-1)/(-6)*-3*-991*2?
991
Let q(k) = -k**2 - 23*k + 17. Let j(u) = 2*u**2 + 46*u - 33. Let h(r) = -3*j(r) - 5*q(r). List the prime factors of h(-10).
2, 3
Suppose -6 + 18 = -q + 3*w, 0 = -4*q + 2*w - 8. Let z be (18 - -2)/(-5) + 8. Suppose q = 5*m - 2*v - 37, z*v = m - 0*v + 7. What are the prime factors of m?
3
Suppose -2*s - 3*s = -15, 0 = -5*a + s + 2842. List the prime factors of a.
569
Suppose 0 = -5*m + 1 + 14. Let r(z) = -6*z**3 + z**m + 6*z**2 - 3 + 4*z**3. What are the prime factors of r(4)?
29
Suppose -5 = 5*k, 0 = -c - k - 2*k + 232. List the prime factors of c.
5, 47
Suppose -17*m + 12*m = -1670. Suppose 7*a = 597 + m. List the prime factors of a.
7, 19
Let q(b) = -17*b**3 + 3*b - 19. List the prime factors of q(-4).
7, 151
Suppose -42 = 2*h + 28. Let m = 27 + h. What are the prime factors of (76/m)/((-1)/4)?
2, 19
Suppose -4*n + 29 = -3*b, -2*n - 3*n = -3*b - 34. Let z be (-2 + 4)/((-1)/b). List the prime factors of 246/15 + z/10.
17
What are the prime factors of 1248 + (9 - 7/7)?
2, 157
Suppose 2*t + 4 = 0, 4*y - y + t - 2950 = 0. List the prime factors of y.
2, 3, 41
Suppose 5*q + 2*c - 615 = 7*c, -3*c = -5*q + 623. What are the prime factors of q?
127
Suppose 55555 + 13813 = 52*q. What are the prime factors of q?
2, 23, 29
Let i(x) = -8*x - 1. Let f be -19 + 8 - 3/(-1). List the prime factors of i(f).
3, 7
Suppose 276 = 31*q - 28*q. Suppose 3*d = t - q, -d = -4*t + 3*d + 360. List the prime factors of t.
89
Suppose 0 = i + 5*w + 10, w - 65 = -4*i + 2*w. Suppose 5*t = i, -2*t = -o - o + 60. Let n = -16 + o. What are the prime factors of n?
17
Suppose -5*i - 2*p + 297 = 0, 45 = i - 0*i + 4*p. Suppose 64*o - 84 = i*o. List the prime factors of o.
2, 7
Let m(c) = c**2 + 5*c**2 + 0*c**2 - 5*c**2 + 8*c + 9. Let v = 14 - 22. List the prime factors of m(v).
3
Let w(v) = -v**3 - 15*v**2 - 26*v - 35. What are the prime factors of w(-17)?
5, 197
Let s(x) = x**2 + 11*x - 14. Let z(u) = -4*u**2 - 44*u + 55. Let p(c) = 9*s(c) + 2*z(c). Let o be p(-12). Let h(y) = -6*y - 1. List the prime factors of h(o).
23
Suppose 2*u = u - s - 37, 0 = -4*u + s - 138. Let o = u + 114. List the prime factors of o.
79
Let y = -10 - -18. Suppose 22 = 7*z - y*z. List the prime factors of ((-21)/(-6))/(-7)*z.
11
Let x = 427 + 122. List the prime factors of x.
3, 61
Suppose 0 = -22*j - 8*j + 34140. List the prime factors of j.
2, 569
Let a = -542 - -822. What are the prime factors of a?
2, 5, 7
Suppose 21*i = 30*i - 2637. List the prime factors of i.
293
Let y be 263/(-5) + (-2)/5. Let z = 91 - y. What are the prime factors of z?
2, 3
Suppose 287*y = 286*y + 907. List the prime factors of y.
907
Let x(f) = 3*f**3 - 15*f**2 + 33*f + 7. Let u(v) = 2*v**3 - 15*v**2 + 33*v + 8. Let z(n) = 4*u(n) - 3*x(n). What are the prime factors of z(-17)?
2, 7
Let a(w) = 11*w - 7. Let s(z) = -9*z + 6. Let i(g) = -2*a(g) - 3*s(g). Let y be 8/4*(-3)/(-2). List the prime factors of i(y).
11
Let q = -362 - -730. What are the prime factors of q?
2, 23
Let s be 6055/(-28) - (-1)/4. Let m be (s/(-10))/(-3)*5. Let k = -22 - m. What are the prime factors of k?
2, 7
Let r(w) = -231*w + 5. List the prime factors of r(-3).
2, 349
Let z be 43/8 - (-33)/(-88). Suppose -s + 0 = -5, z = 5*j - 2*s. List the prime factors of j.
3
Let y(x) = 8*x + 2. Let s be y(-1). List the prime factors of ((-2)/(-3))/(s/(-657)).
73
Let z(g) = -2*g + 43. Let w be z(-22). Let c = 34 + w. What are the prime factors of c?
11
Suppose 0*y = 2*y + 14. Let r(b) = 2*b**2 + 8*b + 9. Let m be r(y). Let w = m - 27. What are the prime factors of w?
2, 3
Suppose 3*k = -4*i + 806, 3*i = -0*i - 5*k + 610. What are the prime factors of i?
2, 5
Let i be (-5)/((-20)/(-664))*1/2. Let p = 63 - i. What are the prime factors of p?
2, 73
Let o be (0 + 1)/((-2)/(-50)). Let u = 25 - o. Let r(k) = k**2 - 3*k + 6. What are the prime factors of r(u)?
2, 3
Let l(c) = -c**3 - 8*c**2 + 9*c + 22. Let q = -74 + 65. What are the prime factors of l(q)?
2, 11
Suppose -6 = -3*u + 3. Suppose -4*t + 92 = 4*l, 3*l - 71 = -u*t - 2*t. List the prime fact